/(-1))/1. Determine a(d).
4
Let k(z) = -z**2 - 2*z**3 - z - 4*z**2 + z**2 + 2*z**2. Calculate k(-1).
1
Let a(y) = -y**3 - 2*y**2 + 3*y + 3. Let q(l) be the first derivative of l**3/3 - 3*l**2 + 3*l - 3. Let x be q(5). Determine a(x).
-3
Suppose -3*c + 5 = -3*l + 4*l, -2*c - 2 = 2*l. Let g(w) = w**3 - 6*w**2 + 5*w - 2. Let b be g(5). Let v be b/l - 1/2. Let q(j) = -j**2 - j + 1. Determine q(v).
1
Let f(w) be the first derivative of -2 - 1/3*w**3 - 3*w - 1/2*w**2. Suppose 5*h - 2*z = 4, z + 4 = h - z. What is f(h)?
-3
Let y(w) = -w + 3. Let i be 18 + 6*2/(-4). Let b = i + -11. What is y(b)?
-1
Suppose 0 = -5*b + i - 37, 9 + 3 = -4*i. Let z(r) = r. Calculate z(b).
-8
Suppose -d = 2*d - 9. Suppose 17 = d*m - 2*v, 0*m = 3*m + v - 14. Let a(y) = -5*y + y - 3 - 2 + 5*y. Calculate a(m).
0
Let x be (-1)/((-16)/40*1/(-2)). Let k(a) = 5*a**2 - 3. Let h = -28 - -11. Let p(r) = -14*r**2 + r + 9. Let q(u) = h*k(u) - 6*p(u). Determine q(x).
2
Let r(u) = 0 - 34*u - 5*u**2 + 31*u + 4*u**2 + 1. Determine r(-3).
1
Let q be 0 - (2 + (-7 - -2)). Let b(h) = -2*h**3 + h**2 - 5*h + 6. Let w(f) = -2*f**3 + f**2 - 6*f + 7. Let r(n) = q*w(n) - 4*b(n). What is r(2)?
13
Let p(z) be the first derivative of 4*z - 3 + 1/3*z**3 + 3/2*z**2. Give p(-4).
8
Let h(j) = -5*j - 2. Let s(w) = -4*w - 3. Let d(i) = 5*h(i) - 6*s(i). What is d(5)?
3
Suppose 6 = 4*d - 2. Let f(n) = n**3 + 5*n - d*n - 1 - n + 0*n**3. Let p = 6 - 4. Determine f(p).
11
Let q(l) be the first derivative of -1/2*l**2 - 5 + l. What is q(5)?
-4
Let s(c) = -10*c**2 + c - 2. Let m(z) = z**2 + 1. Let f(p) = -3*m(p) - s(p). Let a(h) = -4*h - 3. Let q be a(-2). Suppose q*y + 0*y = -5. What is f(y)?
7
Let k(d) be the second derivative of d**4/6 - d**2/2 - 6*d. Let i = -1 + 3. Suppose -q + i*q + 4*o = -14, -5*o = -4*q + 28. Determine k(q).
7
Let z = -9 + 11. Let y(n) = 4 + 0*n**3 + 4*n - n**3 + n**2 + 3*n**z. Give y(5).
-1
Let d(f) = -f. Let p(z) = -7*z. Let u(t) = 39*d(t) - 6*p(t). Suppose -4*q = -4*w - 2 + 34, -2*w = 4*q + 8. What is u(q)?
-12
Let l(u) = 8*u + 1. Suppose a = 2*x + 3*x - 6, 3*a - 2 = -5*x. What is l(a)?
-7
Let a be 35/10 - 3/2. Let o(w) = -3*w**2 - 1. Determine o(a).
-13
Let m(d) = -9*d**3 - 2*d**2 - 2*d - 1. Let o be 0 - 5 - (1 + -5). Give m(o).
8
Suppose 4*p - 5*i + 3*i + 22 = 0, -3*i - 37 = 4*p. Let g(f) be the first derivative of -f**4/4 - 7*f**3/3 - 2*f + 34. Give g(p).
-2
Suppose 5*u + 1 = 6. Let z(x) = x**2 + 1 - u - 2*x + 2. Suppose 3*n + 2*i = 14, -2*i - 3*i = 3*n - 26. What is z(n)?
2
Let f(a) = a**2 + 2*a - 4. Suppose -4*o + 3*v - 10 = -0*o, 5*o - 4*v + 12 = 0. What is f(o)?
4
Let g(o) = -o**2 - o + 6. Let l = 16 + -12. Suppose -f = -l*f. Determine g(f).
6
Let j(r) be the third derivative of -r**4/12 + r**3/6 - r**2. Suppose 1 - 2 = w, 4*s - 15 = 3*w. Calculate j(s).
-5
Let z(x) = x**2 + 6*x + 4. Suppose -u + 0 = 3. Determine z(u).
-5
Let c be -3*(40/12 + -4). Let g(s) = 2*s**2 - 3*s + 1. What is g(c)?
3
Let u(k) be the second derivative of -k**4/12 + 2*k**3/3 + 3*k**2/2 + 55*k. Determine u(-2).
-9
Suppose 0 + 2 = -5*x + 4*a, 2*x + 4*a = 16. Let t(s) = 0*s**2 + s**x + 2*s**3 - 2*s - s**2. Determine t(-2).
-12
Let o(n) be the first derivative of n**4/12 - n**3 - 3*n**2/2 - 2*n - 2. Let z(k) be the first derivative of o(k). Determine z(5).
-8
Let x be (3 + (5 - 6))*(-2)/(-8). Let g(b) be the first derivative of 3 + 10*b - x*b**2. Give g(6).
4
Let x = -8 + 9. Let i(c) = 9*c. Give i(x).
9
Suppose 4*k = -k + 10. Let f(m) = -4*m + 2*m + k - 3. Calculate f(-3).
5
Suppose -4*c = 4*d - 5*c - 10, 0 = 4*d + 4*c. Let p(v) be the second derivative of 0 - 5/2*v**d + 2*v + 1/6*v**3. Give p(-5).
-10
Suppose 0 = 2*b - 8 + 4. Let y(r) = 2*r + r**b - 3*r - 2 + 5. Determine y(0).
3
Let y(x) be the first derivative of -x**4/4 + 5*x**3/3 + 2*x**2 - 7*x - 41. Calculate y(5).
13
Suppose -6 = -3*b - 0. Suppose -b*c + 20 - 6 = 0. Let j(o) = 4 - 3*o + o**2 + o + c*o. What is j(-3)?
-2
Let s(v) = -5 + 4 + v + 0*v**3 - v**3. Let f(r) = -7*r**3 - 6*r**2 + 6*r - 10. Let b(k) = f(k) - 6*s(k). Determine b(-6).
-4
Let c(n) be the first derivative of -n**3/3 - 3*n**2 + 3*n + 1. Suppose -5*l + 8 = -3*l. Suppose 3 - 8 = -3*i + l*b, 4*i = -5*b - 45. Calculate c(i).
8
Let x(g) = -2*g. Let k(b) = 5*b. Let y(c) = 3*k(c) + 8*x(c). Calculate y(2).
-2
Let q(l) = 2*l + 1. Let r be q(-2). Let d(k) be the third derivative of k**4/12 - 23*k**2. Determine d(r).
-6
Let o(d) = -6*d**2 + 5*d + 1. Let j(n) = -5*n**2 + 4*n + 1. Let i be (-14)/(-49) + 19/7. Let a(w) = i*o(w) - 4*j(w). Determine a(2).
5
Let x(b) = -2*b + 22. Let k(s) = -s + 7. Let l(t) = 8*k(t) - 3*x(t). Calculate l(-7).
4
Let y(a) = a - 4. Suppose 3*z + 3 = 2*t - 2, 5*z - 4*t + 11 = 0. Let p = z + 4. Determine y(p).
1
Let m(v) = v**3 - 4*v**2 + 4*v - 2. Let g be m(3). Let i(f) = -6*f**2 + 1. Calculate i(g).
-5
Let q be (-1)/(-21) - (-16)/56. Let s(b) be the first derivative of 5*b + 2 - q*b**3 - 3*b**2. Determine s(-5).
10
Suppose 2*u + 15 = 7*u. Let w be (u/2)/((-12)/(-8)). Let l(p) = 6*p. What is l(w)?
6
Let x(h) be the second derivative of -h**5/24 + h**4/8 + h**3/6 + 3*h. Let b(d) be the second derivative of x(d). Calculate b(2).
-7
Suppose -30 = -4*m + 5*c, -4*c - 3 + 5 = 2*m. Let u(l) = -l**2 + 4*l + 2. Let i be u(m). Let o(h) = 2 - 3*h**2 + 1 - h**3 + 0*h**2. Determine o(i).
3
Let h be 2/(-3) + 1 + 0. Let p(a) be the second derivative of a + h*a**3 - 7/2*a**2 + 1/12*a**4 + 0. Determine p(-5).
8
Let g(j) = j**2 + j + 1. Let b be g(-1). Let r be ((-1)/b)/(-2 - -1). Let p(k) = 2*k - 1. Give p(r).
1
Let c(j) = -j**2 + j. Let f(n) = n**2 + 1. Let r(t) = -2*c(t) - 3*f(t). What is r(-4)?
-11
Let o(i) = i**3 + 8*i**2 - 11*i - 6. Let d be o(-9). Suppose 2*q = -2*q + d. Let j(c) = -c**q - 1 - c**3 - c**2 + c**3 + 2. Calculate j(-2).
5
Let y(p) be the first derivative of -p**4/4 - 2*p**3 - 3*p + 14. Determine y(-6).
-3
Let a be 1*(4 + -3 - 2). Let t = a + 2. Let w(f) = -2*f**2 + 2*f - 1. Calculate w(t).
-1
Let d(u) be the first derivative of -4/3*u**3 - 1/4*u**4 - u + 5/2*u**2 + 4. Calculate d(-5).
-1
Suppose 4*z + a + 3 = -4*a, -3*a - 18 = -3*z. Suppose -l - 4 = -z*l. Let h(i) = -3*i - 1. Let w(p) = 9*p + 3. Let o(m) = -8*h(m) - 3*w(m). Calculate o(l).
-7
Let r(x) = x - 3*x + 6 - x. Let d(t) = -t**2 + 7*t + 4. Let y be d(6). Let h = y + -6. Determine r(h).
-6
Let g(h) be the first derivative of h**3/3 - 2*h - 17. Determine g(-3).
7
Suppose 4*o - 16 = 0, 4*y + 3*o - 4 = -0. Let w(z) = 2*z**2 + 2*z - 1. Give w(y).
3
Let u be 1*(1 - 2/(-1)). Suppose 0 = -3*k + 7*k - 20. Let a(j) = -3*j - 3*j + 7 + k*j. Give a(u).
4
Let c(r) be the second derivative of -2*r**4/3 - r**3/6 + 6*r. Calculate c(1).
-9
Let a(w) = w**2 - 6*w + 3. Let g = 62 - 56. What is a(g)?
3
Let f(y) = y**2 - 2*y - 4. Let v be f(3). Let x be 4 - v/((-3)/6). Let h(z) = 3 + 1 + x*z**2 + z**3 - 6*z**2. Determine h(3).
-5
Let z(f) = 1 + 3*f + 0*f - 4*f. Let q(u) be the first derivative of -u**2 + 6*u + 7. Let k(h) = q(h) - 5*z(h). Determine k(-3).
-8
Let c(u) = u**3 - 6*u**2 - u + 2. Let v = -15 + 21. What is c(v)?
-4
Suppose -5 = -2*i + s - 0, -4*i + 12 = -4*s. Let k(o) = o**3 - 3*o**2 + 2*o - 2. Calculate k(i).
-2
Let r = 0 + 2. Let h(d) be the third derivative of -d**6/120 + d**5/20 - d**4/24 - d**3/6 - d**2. Calculate h(r).
1
Let n(z) = -35*z**2 + 0 - 5 - 7*z - z**3 + 28*z**2. Calculate n(-6).
1
Let d(x) = 5*x - 2*x - 4*x - 12. Let z(m) = 2*m + 23. Let p(y) = 11*d(y) + 6*z(y). Let h = 13 - 13. What is p(h)?
6
Let c(h) = -3*h**2 - 5*h + 1. Let m(y) = -y**2 + y. Let s(l) = -c(l) - 6*m(l). Suppose 4*n - 16 = -5*x, -4*n - 8 - 12 = -4*x. Give s(n).
9
Let p(y) = -y - 5. Let u = 10 + -14. Calculate p(u).
-1
Let y(c) = c**2 + 3*c + 2. Let f(m) = -m**2 - m. Let j(q) = 2*f(q) + y(q). Let s be (1/(-2))/(2/(-24)). Suppose -v + s*v = 0. Give j(v).
2
Let k(z) = 11*z - 1. Let x be (5/3 + -1)*(-21)/7. What is k(x)?
-23
Let g(q) = -2*q**2 + 3*q - 3. Let v(k) = -5*k**2 + 5*k - 5. Let z(j) = -7*g(j) + 3*v(j). What is z(-6)?
6
Let o(c) = 4*c - 1. Let v(b) = -b**3 + 2*b. Let f be v(-2). Suppose -4*u + 4 = -f. Give o(u).
7
Let b be (-2 - 2)*(-1)/1. Let z(s) = -4 + b + 2*s - 6 - 3*s. Calculate z(0).
-6
Let z(x) be the second derivative of -x**5/20 + x**4/12 - x**3/6 - 5*x**2/2 + 6*x. Let v(t) = -t**3 + 2*t**2 - 2*t - 6. Let a(b) = 2*v(b) -